+ 360. What is s(161)?
-123
Let w(f) = -f**3 + 151*f**2 + f - 11. Calculate w(0).
-11
Let a(r) = r**3 - 45*r**2 + 264*r + 17. Determine a(7).
3
Let v(p) = 23*p + 1045. Determine v(-44).
33
Let z(j) = 55*j - 33. Calculate z(-2).
-143
Let z(x) = -x**3 - 6*x**2 - x + 3. Give z(-3).
-21
Let g(a) = 6*a**2 - 22*a - 55. Calculate g(-2).
13
Let w(v) = 14*v**3 + 458*v**2 - 122*v + 337. Give w(-33).
7
Let b(y) = -4*y**3 + 10*y**2 + 96*y - 280. Give b(3).
-10
Let t(a) = 136*a - 14604. Determine t(108).
84
Let l(r) = 3*r**2 - 201*r - 51. Determine l(67).
-51
Let z(i) = 2*i**2 - 35*i - 1911. Calculate z(37).
-468
Let n(x) = x**2 - 18*x - 140. Give n(-7).
35
Let z(g) = -77*g - 85. Determine z(3).
-316
Let b(g) = -4*g**2 - 93*g + 69. Give b(-24).
-3
Let h(y) = 3*y**3 - 30*y**2 - 48. Determine h(10).
-48
Let q(b) = b + 46. Calculate q(-35).
11
Let c(y) = -114*y + 817. What is c(7)?
19
Let z(h) = 877*h + 9651. Give z(-11).
4
Let g(i) = -i**2 + 604*i - 3602. Give g(6).
-14
Let r(j) = -10*j**3 - 9*j**2 - 7*j + 11. Calculate r(-2).
69
Let r(l) = -3*l + 153. Determine r(24).
81
Let d(z) = -2*z + 79. Determine d(-38).
155
Let g(f) = 7*f**2 + 11*f - 16. Calculate g(4).
140
Let f(w) = 105*w - 166. Calculate f(2).
44
Let z(u) = 118*u - 1536. Give z(13).
-2
Let a(k) = -28*k**3 + 64*k**2 + 8*k + 7. What is a(3)?
-149
Let p(o) = 226*o + 92. Calculate p(-1).
-134
Let p(s) = s**2 - 48*s + 410. Determine p(13).
-45
Let f(o) = 4*o**2 - 70*o - 135. Give f(-2).
21
Let q(b) = 31*b - 1823. Calculate q(59).
6
Let n(d) = 1583*d + 1564. What is n(-1)?
-19
Let d(s) = s**3 + 25*s**2 + 159*s - 9. Determine d(-14).
-79
Let x(u) = u**3 + 2*u**2 + 27*u - 122. Determine x(0).
-122
Let f(d) = 10*d**2 - 455*d - 219. Give f(46).
11
Let b(r) = 5*r**2 - 80*r + 209. Calculate b(6).
-91
Let m(x) = -12*x**2 + 123*x - 9. What is m(10)?
21
Let f(w) = -w**2 + 3*w - 10. Calculate f(7).
-38
Let i(w) = -w**2 - 185*w + 104671. Give i(244).
-5
Let n(c) = c**3 + 133*c**2 - 833*c + 134. Calculate n(-139).
-5
Let l(q) = -20*q**3 + 1598*q**2 + 163*q - 239. Calculate l(80).
1
Let z(v) = 422*v - 31214. Determine z(74).
14
Let p(o) = 136*o - 496. Give p(4).
48
Let z(c) = -744*c - 4432. What is z(-6)?
32
Let a(v) = v**3 - 5*v**2 - 15*v + 28. Give a(8).
100
Let t(d) = d**2 - 324*d - 5803. Give t(-17).
-6
Let d(y) = 8*y**3 - 472*y**2 + 2*y - 88. What is d(59)?
30
Let h(j) = -10*j + 159. Give h(17).
-11
Let l(g) = 2*g + 41. Calculate l(12).
65
Let j(v) = -v**2 - 44*v - 1. Give j(-44).
-1
Let m(x) = -x**3 - 18*x**2 + 23*x - 112. Determine m(-20).
228
Let g(m) = -57*m - 171. Determine g(-3).
0
Let q(h) = -197*h + 21080. Calculate q(107).
1
Let a(f) = -91*f**2 - 816*f + 8. What is a(-9)?
-19
Let p(r) = -2*r**2 + 40*r - 86. Determine p(18).
-14
Let q(t) = -69*t**2 - 33*t - 32. Determine q(-1).
-68
Let u(l) = -11*l**3 - 4*l**2 + 8*l - 3. What is u(1)?
-10
Let d(g) = 12*g + 880. Calculate d(-32).
496
Let t(i) = i**3 - 3*i**2 - 50*i + 252. What is t(4)?
68
Let n(j) = j**3 + 26*j**2 - 58*j + 8. Determine n(-28).
64
Let i(n) = 55*n + 4782. Determine i(-83).
217
Let b(g) = 1283*g - 12842. Determine b(10).
-12
Let g(u) = -4*u**2 + 75*u - 101. Calculate g(11).
240
Let p(r) = r**2 + 71*r + 563. What is p(-71)?
563
Let r(l) = -122*l - 605. Calculate r(-5).
5
Let x(i) = -i**3 + 18*i**2 + 18*i - 3. Determine x(18).
321
Let m(w) = -1226*w + 23291. Determine m(19).
-3
Let l(v) = -239*v + 16. What is l(0)?
16
Let w(q) = -9*q**2 - 34*q - 2. What is w(-4)?
-10
Let l(d) = -99*d - 9309. Determine l(-94).
-3
Let d(c) = -71*c + 107. Determine d(4).
-177
Let p(j) = j**3 + 4*j**2 - 168*j + 1502. Determine p(-18).
-10
Let w(a) = -a**2 + 24*a - 149. Give w(17).
-30
Let y(f) = f**3 + 19*f**2 - 217*f - 19. Calculate y(-27).
8
Let k(v) = -41*v + 2. What is k(-2)?
84
Let y(u) = u**2 - 49*u - 447. Determine y(51).
-345
Let s(n) = -2*n**2 + 62*n - 199. What is s(27)?
17
Let v(r) = -11*r - 44. Determine v(6).
-110
Let h(n) = -n**2 - 500*n + 9859. Calculate h(19).
-2
Let r(s) = -42*s + 1267. What is r(30)?
7
Let d(g) = -10*g - 430. Calculate d(-44).
10
Let x(i) = -16*i - 3421. Determine x(-214).
3
Let a(p) = -67*p - 6. Calculate a(0).
-6
Let j(w) = 15*w**2 + 15*w - 12. Calculate j(-3).
78
Let a(t) = t**3 - 66*t**2 + 245*t + 192. Give a(62).
6
Let n(r) = -r**2 + 3*r + 2642. What is n(53)?
-8
Let k(x) = 2*x**3 - 14*x**2 + 5*x - 5. Calculate k(6).
-47
Let c(d) = d**3 + 44*d**2 + 404*d + 29. What is c(-31)?
-2
Let t(f) = 135*f - 10801. Give t(80).
-1
Let w(j) = j**2 + j + 1. Determine w(-12).
133
Let b(x) = 2*x**3 + 113*x**2 - 295*x + 24. What is b(-59)?
24
Let b(j) = -8*j**2 + 448*j - 1266. Calculate b(53).
6
Let w(x) = x**2 + 50*x + 33. Determine w(-50).
33
Let k(i) = 3*i**2 - 20*i - 21. Calculate k(-1).
2
Let i(z) = -z**3 - 10*z**2 - 130*z - 627. Give i(-6).
9
Let j(s) = 64*s - 3044. Give j(46).
-100
Let m(p) = -642*p + 9630. Give m(15).
0
Let i(n) = 12*n**3 - 15*n**2 - 6*n + 8. Determine i(-1).
-13
Let s(i) = -i**3 - 39*i**2 - 23*i + 549. Calculate s(-38).
-21
Let l(y) = y**2 - 93*y + 183. Give l(91).
1
Let l(o) = -o**3 - 49*o**2 - 278*o + 666. What is l(-42)?
-6
Let l(v) = -43*v + 2067. Give l(48).
3
Let f(y) = -148*y + 5917. Calculate f(40).
-3
Let i(s) = 3*s**2 - 142*s + 56. Calculate i(47).
9
Let v(t) = 4*t**3 - 8*t**2 - 119*t + 4. Calculate v(7).
151
Let l(j) = -j**3 + 63*j**2 + 4*j - 247. Calculate l(63).
5
Let w(y) = 16234*y - 454556. What is w(28)?
-4
Let g(b) = 5*b**2 - 43*b - 352. Determine g(-9).
440
Let k(b) = -10*b**2 + 672*b + 1235. What is k(69)?
-7
Let t(o) = -2*o + 33. Determine t(-15).
63
Let h(q) = -2*q**2 - 20*q + 172. Determine h(6).
-20
Let a(o) = -o**3 + 45*o**2 - 41*o + 14. Determine a(44).
146
Let w(b) = b**2 + 28*b + 62. Calculate w(-29).
91
Let o(r) = r**3 - 7*r - 54. Give o(5).
36
Let g(m) = 7*m**2 + 97*m - 490. Give g(4).
10
Let q(l) = l**3 + 39*l**2 - 46*l - 242. Calculate q(-40).
-2
Let u(x) = 949*x + 19932. What is u(-21)?
3
Let v(n) = -n**3 + 58*n**2 - 121*n + 507. Determine v(56).
3
Let a(l) = -l**3 + 3*l**2 - 49*l - 22. What is a(0)?
-22
Let w(j) = 67*j + 75. Calculate w(-7).
-394
Let w(z) = -1653*z - 13226. Determine w(-8).
-2
Let q(f) = -f**3 - 24*f**2 - 19*f + 44. Calculate q(-23).
-48
Let s(g) = -23*g**2 + 67*g + 412. Calculate s(-3).
4
Let j(v) = v**3 - 164*v**2 - 335*v + 500. Calculate j(166).
2
Let s(z) = -2*z**3 - 26*z**2 + 119*z + 1791. Calculate s(-11).
-2
Let o(y) = -14*y - 129. Give o(-11).
25
Let z(a) = -a**3 - 2*a**2 + 24*a - 10. Determine z(-7).
67
Let i(z) = -5*z**2 - 110*z + 4. Give i(-27).
-671
Let h(w) = 23*w - 72. Give h(6).
66
Let u(f) = -f**3 + 37*f**2 - 138*f + 113. Calculate u(33).
-85
Let i(m) = 7*m**2 - 233*m + 1443. Calculate i(25).
-7
Let m(v) = 9*v - 442. Calculate m(44).
-46
Let c(r) = 3*r**3 + 4*r**2 - 3*r + 22. Calculate c(-3).
-14
Let x(c) = -2*c**2 - 12*c + 21. Give x(-7).
7
Let t(x) = -226*x + 652. Calculate t(3).
-26
Let k(g) = g**3 - 23*g**2 + 236*g - 4094. What is k(21)?
-20
Let j(m) = 73*m**2 - 1313*m - 22. What is j(18)?
-4
Let m(l) = -l**3 + 5*l**2 + 30*l. Determine m(7).
112
Let g(l) = -l**2 - 33*l. What is g(0)?
0
Let x(c) = 32*c**2 - 3553*c + 112. Give x(111).
1
Let u(r) = 3*r**2 - 352*r - 352. Determine u(-1).
3
Let o(p) = p**2 - 2*p - 298. What is o(15)?
-103
Let b(f) = -992*f - 39685. Determine b(-40).
-5
Let i(j) = -43*j + 3222. Give i(72).
126
Let d(u) = -u**3 + 3*u**2 + 59*u - 4. Give d(-6).
-34
Let y(x) = -8*x**2 - 4*x - 1. What is y(-1)?
-5
Let p(t) = -t**2 - 30*t - 385. Calculate p(-23).
-224
Let x(l) = -3*l**3 + 55*l**2 + 62*l - 43. Determine x(19).
413
Let s(v) = -7325*v + 58515. What is s(8)?
-85
Let k(p) = p**3 - 32*p**2 + 46*p + 250. Give k(29).
-939
Let s(l) = l**2 + l + 42. Calculate s(5).
72
Let l(z) = 59*z - 484. Determine l(19).
637
Let y(z) = -3*z**2 + 64*z - 287. Calculate y(4).
-79
Let r(w) = -2*w**2 - 98*w + 425. Determine r(-53).
1
Let f(b) = b**2 + 70*b - 1664. Calculate f(20).
136
Let p(f) = -56*f + 325. Determine p(5).
45
Let v(l) = l**2 + 5*l + 9. What is v(10)?
159
Let n(a) = a**3 - 6*a**2 + 7*a - 57. What is n(6)?
-15
Let p(r) = -3*r**3 + 12*r**2 + 26*r + 15. Determine p(7).
-244
Let u(o) = -o**3 + 56*o**2 - 260*o + 247. Calculate u(51).
-8
Let x(q) = 22*q + 1033. Calculate x(-47).
-1
Let r(y) = -72*y**3 - 5*y - 5. Determine r(-1).
72
Let 